{"id":1258,"date":"2023-04-24T09:29:56","date_gmt":"2023-04-24T06:29:56","guid":{"rendered":"https:\/\/milesankara.com.tr\/?post_type=product&#038;p=1258"},"modified":"2023-04-24T09:29:57","modified_gmt":"2023-04-24T06:29:57","slug":"kuyruk-lifti-2","status":"publish","type":"product","link":"https:\/\/milesankara.com.tr\/index.php\/urun\/kuyruk-lifti-2\/","title":{"rendered":"Kamyon arkas\u0131 kuyruk y\u00fck lift seti, Sac"},"content":{"rendered":"<p>I. Miles \u00c7elik Kamyon Kuyruk Lifti a\u011f\u0131r g\u00f6revler ve zorlu ortam ko\u015fullar\u0131 i\u00e7in tasarlanm\u0131\u015f g\u00fc\u00e7l\u00fc platformlard\u0131r. Global market zincirleri i\u00e7in zorlu ortam \u015fartlar\u0131nda ideal \u00e7\u00f6z\u00fcmler sunar. Miles \u00c7elik Kamyon Kuyruk Lifti g\u00fc\u00e7lendirilmi\u015f mafsal pimleri ve\u00a0 daha b\u00fcy\u00fck silindirleri (iki adet k\u0131rma ve iki adet kald\u0131rma silindiri) ile 2000 kg ve 2500 kg kald\u0131rma kapasiteleri i\u00e7in tasarlanm\u0131\u015ft\u0131r. Kullan\u0131c\u0131ya ileri tasar\u0131m teknolojisi ile 1000 kg ve 1500 kg ta\u015f\u0131ma kapasiteli \u00fcr\u00fcn se\u00e7ene\u011fi ile ekonomik \u00e7\u00f6z\u00fcmler de sunmaktad\u0131r. Miles \u00c7elik Kamyon Kuyruk Lifti ara\u00e7 g\u00f6vdesi arka kapa\u011f\u0131 olarak da kullan\u0131labilir. Kamyonlar, r\u00f6morklar, yar\u0131 r\u00f6morklar ve kamyonetler i\u00e7in y\u00fcksek kapasite ve verimlilik sa\u011flar. Platform ile zemin aras\u0131 temas i\u00e7in sentetik tekerler kullan\u0131l\u0131r. Miles \u00c7elik Kamyon Kuyruk Lifti t\u00fcm silindirlere \u00f6zel geli\u015ftirdi\u011fi elektrikli emniyet valfleri ve ak\u00fc ba\u011flant\u0131 kesme devre \u015falterleri ile kullan\u0131c\u0131ya g\u00fcvenli hizmet sunar. \u0130ki ayr\u0131 kumanda kontrol sistemi mevcuttur. Miles \u00c7elik Kamyon Kuyruk Lifti, otomatik k\u0131rma teknolojisi ile operat\u00f6re kolayl\u0131k sa\u011flar.<\/p>\n","protected":false},"excerpt":{"rendered":"<p>I. Miles \u00c7elik Kamyon Kuyruk Lifti a\u011f\u0131r g\u00f6revler ve zorlu ortam ko\u015fullar\u0131 i\u00e7in tasarlanm\u0131\u015f g\u00fc\u00e7l\u00fc platformlard\u0131r. Global market zincirleri i\u00e7in zorlu ortam \u015fartlar\u0131nda ideal \u00e7\u00f6z\u00fcmler sunar. Miles \u00c7elik Kamyon Kuyruk Lifti g\u00fc\u00e7lendirilmi\u015f mafsal pimleri ve\u00a0 daha b\u00fcy\u00fck silindirleri (iki adet k\u0131rma ve iki adet kald\u0131rma silindiri) ile 2000 kg ve 2500 kg kald\u0131rma kapasiteleri i\u00e7in &hellip;<\/p>\n<p class=\"read-more\"> <a class=\"\" href=\"https:\/\/milesankara.com.tr\/index.php\/urun\/kuyruk-lifti-2\/\"> <span class=\"screen-reader-text\">Kamyon arkas\u0131 kuyruk y\u00fck lift seti, Sac<\/span> Devam\u0131 &raquo;<\/a><\/p>\n","protected":false},"featured_media":1259,"comment_status":"open","ping_status":"closed","template":"","meta":{"om_disable_all_campaigns":false,"_mi_skip_tracking":false,"site-sidebar-layout":"default","site-content-layout":"default","ast-global-header-display":"","ast-main-header-display":"","ast-hfb-above-header-display":"","ast-hfb-below-header-display":"","ast-hfb-mobile-header-display":"","site-post-title":"","ast-breadcrumbs-content":"","ast-featured-img":"","footer-sml-layout":"","theme-transparent-header-meta":"default","adv-header-id-meta":"","stick-header-meta":"","header-above-stick-meta":"","header-main-stick-meta":"","header-below-stick-meta":"","_joinchat":[]},"product_cat":[23,25,27],"product_tag":[],"class_list":["post-1258","product","type-product","status-publish","has-post-thumbnail","hentry","product_cat-ana-urunler","product_cat-kamyon-arkasi-yuk-liftleri","product_cat-sac-lift-takimlari","desktop-align-center","tablet-align-left","mobile-align-left"],"yoast_head":"<!-- This site is optimized with the Yoast SEO plugin v20.4 - https:\/\/yoast.com\/wordpress\/plugins\/seo\/ -->\n<title>Kamyon arkas\u0131 kuyruk y\u00fck lift seti, Sac | Miles Ankara<\/title>\n<meta name=\"description\" content=\"Lift yedek par\u00e7a grubu \u00fczerine ihtiyac\u0131n\u0131z olan her t\u00fcrl\u00fc yedek pa\u00e7alar\u0131 bizden tedarik edebilirsiniz.\" \/>\n<meta name=\"robots\" content=\"index, follow, max-snippet:-1, max-image-preview:large, max-video-preview:-1\" \/>\n<link rel=\"canonical\" href=\"https:\/\/milesankara.com.tr\/index.php\/urun\/kuyruk-lifti-2\/\" \/>\n<meta property=\"og:locale\" content=\"tr_TR\" \/>\n<meta property=\"og:type\" content=\"article\" \/>\n<meta property=\"og:title\" content=\"Kamyon arkas\u0131 kuyruk y\u00fck lift seti, Sac | Miles Ankara\" \/>\n<meta property=\"og:description\" content=\"Lift yedek par\u00e7a grubu \u00fczerine ihtiyac\u0131n\u0131z olan her t\u00fcrl\u00fc yedek pa\u00e7alar\u0131 bizden tedarik edebilirsiniz.\" \/>\n<meta property=\"og:url\" content=\"https:\/\/milesankara.com.tr\/index.php\/urun\/kuyruk-lifti-2\/\" \/>\n<meta property=\"og:site_name\" content=\"Miles Ankara\" \/>\n<meta property=\"article:publisher\" content=\"https:\/\/www.facebook.com\/milesankara\/\" \/>\n<meta property=\"article:modified_time\" content=\"2023-04-24T06:29:57+00:00\" \/>\n<meta property=\"og:image\" content=\"http:\/\/milesankara.com.tr\/wp-content\/uploads\/2023\/04\/celik-kamyon-kuyruk-liftleri-9.jpg\" \/>\n\t<meta property=\"og:image:width\" content=\"1110\" \/>\n\t<meta property=\"og:image:height\" content=\"800\" \/>\n\t<meta property=\"og:image:type\" content=\"image\/jpeg\" \/>\n<meta name=\"twitter:card\" content=\"summary_large_image\" \/>\n<meta name=\"twitter:label1\" content=\"Tahmini okuma s\u00fcresi\" \/>\n\t<meta name=\"twitter:data1\" content=\"1 dakika\" \/>\n<script type=\"application\/ld+json\" class=\"yoast-schema-graph\">{\"@context\":\"https:\/\/schema.org\",\"@graph\":[{\"@type\":\"WebPage\",\"@id\":\"https:\/\/milesankara.com.tr\/index.php\/urun\/kuyruk-lifti-2\/\",\"url\":\"https:\/\/milesankara.com.tr\/index.php\/urun\/kuyruk-lifti-2\/\",\"name\":\"Kamyon arkas\u0131 kuyruk y\u00fck lift seti, Sac | Miles Ankara\",\"isPartOf\":{\"@id\":\"https:\/\/milesankara.com.tr\/#website\"},\"datePublished\":\"2023-04-24T06:29:56+00:00\",\"dateModified\":\"2023-04-24T06:29:57+00:00\",\"description\":\"Lift yedek par\u00e7a grubu \u00fczerine ihtiyac\u0131n\u0131z olan her t\u00fcrl\u00fc yedek pa\u00e7alar\u0131 bizden tedarik edebilirsiniz.\",\"breadcrumb\":{\"@id\":\"https:\/\/milesankara.com.tr\/index.php\/urun\/kuyruk-lifti-2\/#breadcrumb\"},\"inLanguage\":\"tr\",\"potentialAction\":[{\"@type\":\"ReadAction\",\"target\":[\"https:\/\/milesankara.com.tr\/index.php\/urun\/kuyruk-lifti-2\/\"]}]},{\"@type\":\"BreadcrumbList\",\"@id\":\"https:\/\/milesankara.com.tr\/index.php\/urun\/kuyruk-lifti-2\/#breadcrumb\",\"itemListElement\":[{\"@type\":\"ListItem\",\"position\":1,\"name\":\"Anasayfa\",\"item\":\"https:\/\/milesankara.com.tr\/\"},{\"@type\":\"ListItem\",\"position\":2,\"name\":\"Ma\u011faza\",\"item\":\"https:\/\/milesankara.com.tr\/index.php\/magaza\/\"},{\"@type\":\"ListItem\",\"position\":3,\"name\":\"Kamyon arkas\u0131 kuyruk y\u00fck lift seti, Sac\"}]},{\"@type\":\"WebSite\",\"@id\":\"https:\/\/milesankara.com.tr\/#website\",\"url\":\"https:\/\/milesankara.com.tr\/\",\"name\":\"Miles Ankara\",\"description\":\"\",\"publisher\":{\"@id\":\"https:\/\/milesankara.com.tr\/#organization\"},\"alternateName\":\"Miles Ankara\",\"potentialAction\":[{\"@type\":\"SearchAction\",\"target\":{\"@type\":\"EntryPoint\",\"urlTemplate\":\"https:\/\/milesankara.com.tr\/?s={search_term_string}\"},\"query-input\":\"required name=search_term_string\"}],\"inLanguage\":\"tr\"},{\"@type\":\"Organization\",\"@id\":\"https:\/\/milesankara.com.tr\/#organization\",\"name\":\"Miles Ankara\",\"alternateName\":\"Miles Ankara\",\"url\":\"https:\/\/milesankara.com.tr\/\",\"logo\":{\"@type\":\"ImageObject\",\"inLanguage\":\"tr\",\"@id\":\"https:\/\/milesankara.com.tr\/#\/schema\/logo\/image\/\",\"url\":\"https:\/\/milesankara.com.tr\/wp-content\/uploads\/2023\/04\/Logo3.bmp\",\"contentUrl\":\"https:\/\/milesankara.com.tr\/wp-content\/uploads\/2023\/04\/Logo3.bmp\",\"width\":145,\"height\":103,\"caption\":\"Miles Ankara\"},\"image\":{\"@id\":\"https:\/\/milesankara.com.tr\/#\/schema\/logo\/image\/\"},\"sameAs\":[\"https:\/\/www.facebook.com\/milesankara\/\",\"https:\/\/www.instagram.com\/milesankara\/\",\"https:\/\/www.youtube.com\/@milesankara2500\"]}]}<\/script>\n<!-- \/ Yoast SEO plugin. -->","yoast_head_json":{"title":"Kamyon arkas\u0131 kuyruk y\u00fck lift seti, Sac | Miles Ankara","description":"Lift yedek par\u00e7a grubu \u00fczerine ihtiyac\u0131n\u0131z olan her t\u00fcrl\u00fc yedek pa\u00e7alar\u0131 bizden tedarik edebilirsiniz.","robots":{"index":"index","follow":"follow","max-snippet":"max-snippet:-1","max-image-preview":"max-image-preview:large","max-video-preview":"max-video-preview:-1"},"canonical":"https:\/\/milesankara.com.tr\/index.php\/urun\/kuyruk-lifti-2\/","og_locale":"tr_TR","og_type":"article","og_title":"Kamyon arkas\u0131 kuyruk y\u00fck lift seti, Sac | Miles Ankara","og_description":"Lift yedek par\u00e7a grubu \u00fczerine ihtiyac\u0131n\u0131z olan her t\u00fcrl\u00fc yedek pa\u00e7alar\u0131 bizden tedarik edebilirsiniz.","og_url":"https:\/\/milesankara.com.tr\/index.php\/urun\/kuyruk-lifti-2\/","og_site_name":"Miles Ankara","article_publisher":"https:\/\/www.facebook.com\/milesankara\/","article_modified_time":"2023-04-24T06:29:57+00:00","og_image":[{"width":1110,"height":800,"url":"http:\/\/milesankara.com.tr\/wp-content\/uploads\/2023\/04\/celik-kamyon-kuyruk-liftleri-9.jpg","type":"image\/jpeg"}],"twitter_card":"summary_large_image","twitter_misc":{"Tahmini okuma s\u00fcresi":"1 dakika"},"schema":{"@context":"https:\/\/schema.org","@graph":[{"@type":"WebPage","@id":"https:\/\/milesankara.com.tr\/index.php\/urun\/kuyruk-lifti-2\/","url":"https:\/\/milesankara.com.tr\/index.php\/urun\/kuyruk-lifti-2\/","name":"Kamyon arkas\u0131 kuyruk y\u00fck lift seti, Sac | Miles Ankara","isPartOf":{"@id":"https:\/\/milesankara.com.tr\/#website"},"datePublished":"2023-04-24T06:29:56+00:00","dateModified":"2023-04-24T06:29:57+00:00","description":"Lift yedek par\u00e7a grubu \u00fczerine ihtiyac\u0131n\u0131z olan her t\u00fcrl\u00fc yedek pa\u00e7alar\u0131 bizden tedarik edebilirsiniz.","breadcrumb":{"@id":"https:\/\/milesankara.com.tr\/index.php\/urun\/kuyruk-lifti-2\/#breadcrumb"},"inLanguage":"tr","potentialAction":[{"@type":"ReadAction","target":["https:\/\/milesankara.com.tr\/index.php\/urun\/kuyruk-lifti-2\/"]}]},{"@type":"BreadcrumbList","@id":"https:\/\/milesankara.com.tr\/index.php\/urun\/kuyruk-lifti-2\/#breadcrumb","itemListElement":[{"@type":"ListItem","position":1,"name":"Anasayfa","item":"https:\/\/milesankara.com.tr\/"},{"@type":"ListItem","position":2,"name":"Ma\u011faza","item":"https:\/\/milesankara.com.tr\/index.php\/magaza\/"},{"@type":"ListItem","position":3,"name":"Kamyon arkas\u0131 kuyruk y\u00fck lift seti, Sac"}]},{"@type":"WebSite","@id":"https:\/\/milesankara.com.tr\/#website","url":"https:\/\/milesankara.com.tr\/","name":"Miles Ankara","description":"","publisher":{"@id":"https:\/\/milesankara.com.tr\/#organization"},"alternateName":"Miles Ankara","potentialAction":[{"@type":"SearchAction","target":{"@type":"EntryPoint","urlTemplate":"https:\/\/milesankara.com.tr\/?s={search_term_string}"},"query-input":"required name=search_term_string"}],"inLanguage":"tr"},{"@type":"Organization","@id":"https:\/\/milesankara.com.tr\/#organization","name":"Miles Ankara","alternateName":"Miles Ankara","url":"https:\/\/milesankara.com.tr\/","logo":{"@type":"ImageObject","inLanguage":"tr","@id":"https:\/\/milesankara.com.tr\/#\/schema\/logo\/image\/","url":"https:\/\/milesankara.com.tr\/wp-content\/uploads\/2023\/04\/Logo3.bmp","contentUrl":"https:\/\/milesankara.com.tr\/wp-content\/uploads\/2023\/04\/Logo3.bmp","width":145,"height":103,"caption":"Miles Ankara"},"image":{"@id":"https:\/\/milesankara.com.tr\/#\/schema\/logo\/image\/"},"sameAs":["https:\/\/www.facebook.com\/milesankara\/","https:\/\/www.instagram.com\/milesankara\/","https:\/\/www.youtube.com\/@milesankara2500"]}]}},"_links":{"self":[{"href":"https:\/\/milesankara.com.tr\/index.php\/wp-json\/wp\/v2\/product\/1258","targetHints":{"allow":["GET"]}}],"collection":[{"href":"https:\/\/milesankara.com.tr\/index.php\/wp-json\/wp\/v2\/product"}],"about":[{"href":"https:\/\/milesankara.com.tr\/index.php\/wp-json\/wp\/v2\/types\/product"}],"replies":[{"embeddable":true,"href":"https:\/\/milesankara.com.tr\/index.php\/wp-json\/wp\/v2\/comments?post=1258"}],"wp:featuredmedia":[{"embeddable":true,"href":"https:\/\/milesankara.com.tr\/index.php\/wp-json\/wp\/v2\/media\/1259"}],"wp:attachment":[{"href":"https:\/\/milesankara.com.tr\/index.php\/wp-json\/wp\/v2\/media?parent=1258"}],"wp:term":[{"taxonomy":"product_cat","embeddable":true,"href":"https:\/\/milesankara.com.tr\/index.php\/wp-json\/wp\/v2\/product_cat?post=1258"},{"taxonomy":"product_tag","embeddable":true,"href":"https:\/\/milesankara.com.tr\/index.php\/wp-json\/wp\/v2\/product_tag?post=1258"}],"curies":[{"name":"wp","href":"https:\/\/api.w.org\/{rel}","templated":true}]}}