{"id":1787,"date":"2024-02-17T12:28:56","date_gmt":"2024-02-17T09:28:56","guid":{"rendered":"https:\/\/milesankara.com.tr\/?page_id=1787"},"modified":"2024-02-17T12:38:36","modified_gmt":"2024-02-17T09:38:36","slug":"makasli-yuk-liftleri","status":"publish","type":"page","link":"https:\/\/milesankara.com.tr\/index.php\/makasli-yuk-liftleri\/","title":{"rendered":"Makasl\u0131 y\u00fck liftleri"},"content":{"rendered":"\t\t<div data-elementor-type=\"wp-page\" data-elementor-id=\"1787\" class=\"elementor elementor-1787\">\n\t\t\t\t\t\t\t\t\t<section class=\"elementor-section elementor-top-section elementor-element elementor-element-5216823 elementor-section-boxed elementor-section-height-default elementor-section-height-default\" data-id=\"5216823\" data-element_type=\"section\">\n\t\t\t\t\t\t<div class=\"elementor-container elementor-column-gap-default\">\n\t\t\t\t\t<div class=\"elementor-column elementor-col-100 elementor-top-column elementor-element elementor-element-b6ae3bf\" data-id=\"b6ae3bf\" data-element_type=\"column\">\n\t\t\t<div class=\"elementor-widget-wrap elementor-element-populated\">\n\t\t\t\t\t\t\t\t<div class=\"elementor-element elementor-element-0c7945c elementor-widget elementor-widget-heading\" data-id=\"0c7945c\" data-element_type=\"widget\" data-widget_type=\"heading.default\">\n\t\t\t\t<div class=\"elementor-widget-container\">\n\t\t\t<style>\/*! elementor - v3.12.0 - 29-03-2023 *\/\n.elementor-heading-title{padding:0;margin:0;line-height:1}.elementor-widget-heading .elementor-heading-title[class*=elementor-size-]>a{color:inherit;font-size:inherit;line-height:inherit}.elementor-widget-heading .elementor-heading-title.elementor-size-small{font-size:15px}.elementor-widget-heading .elementor-heading-title.elementor-size-medium{font-size:19px}.elementor-widget-heading .elementor-heading-title.elementor-size-large{font-size:29px}.elementor-widget-heading .elementor-heading-title.elementor-size-xl{font-size:39px}.elementor-widget-heading .elementor-heading-title.elementor-size-xxl{font-size:59px}<\/style><h2 class=\"elementor-heading-title elementor-size-default\"><span style=\"color: rgb(34, 34, 34); font-family: Arial, sans-serif; font-size: 16px; font-weight: 400; text-align: justify; white-space-collapse: collapse;\">Miles Makasl\u0131 Platformlar 500 kg ile 5000 kg aras\u0131ndaki y\u00fcklerin rahat bir \u015fekilde transferini sa\u011flamak i\u00e7in kullan\u0131c\u0131ya kaliteli ve ekonomik bir \u00e7\u00f6z\u00fcm sunar. \u00d6zellikle bina d\u0131\u015f\u0131ndaki etkili \u00e7al\u0131\u015fma \u00f6zelli\u011fi ile mek\u00e2nsal verimlili\u011fe katk\u0131 sa\u011flar. Miles Lift, Makasl\u0131 Platform ile kullan\u0131c\u0131ya uzun \u00f6m\u00fcrl\u00fc ve konforlu \u00fcr\u00fcnler sunmaktad\u0131r. Sorunsuz \u00e7al\u0131\u015fan hidrolik sistemleri ve katlar aras\u0131 kot fark\u0131na meydan okuyan tasar\u0131m\u0131 ile Miles Makasl\u0131 Platformlar kullan\u0131c\u0131ya ihtiya\u00e7 duydu\u011fu \u00e7\u00f6z\u00fcm\u00fc sunmaktad\u0131r. Miles Makasl\u0131 Platformlar, CE Sertifikas\u0131na sahiptir ve &nbsp;Avrupa Makine Direktiflerine uygun \u00fcretilmektedir.<\/span><\/h2>\t\t<\/div>\n\t\t\t\t<\/div>\n\t\t\t\t\t<\/div>\n\t\t<\/div>\n\t\t\t\t\t\t\t<\/div>\n\t\t<\/section>\n\t\t\t\t<section class=\"elementor-section elementor-top-section elementor-element elementor-element-db1777c elementor-section-boxed elementor-section-height-default elementor-section-height-default\" data-id=\"db1777c\" data-element_type=\"section\">\n\t\t\t\t\t\t<div class=\"elementor-container elementor-column-gap-default\">\n\t\t\t\t\t<div class=\"elementor-column elementor-col-33 elementor-top-column elementor-element elementor-element-5cc6b03\" data-id=\"5cc6b03\" data-element_type=\"column\">\n\t\t\t<div class=\"elementor-widget-wrap elementor-element-populated\">\n\t\t\t\t\t\t\t\t<div class=\"elementor-element elementor-element-e9074f8 elementor-widget elementor-widget-image\" data-id=\"e9074f8\" data-element_type=\"widget\" data-widget_type=\"image.default\">\n\t\t\t\t<div class=\"elementor-widget-container\">\n\t\t\t<style>\/*! elementor - v3.12.0 - 29-03-2023 *\/\n.elementor-widget-image{text-align:center}.elementor-widget-image a{display:inline-block}.elementor-widget-image a img[src$=\".svg\"]{width:48px}.elementor-widget-image img{vertical-align:middle;display:inline-block}<\/style>\t\t\t\t\t\t\t\t\t\t\t\t<img loading=\"lazy\" decoding=\"async\" width=\"497\" height=\"1024\" src=\"https:\/\/milesankara.com.tr\/wp-content\/uploads\/2024\/02\/IMG-20190711-WA0004-497x1024.jpg\" class=\"attachment-large size-large wp-image-1789\" alt=\"\" srcset=\"https:\/\/milesankara.com.tr\/wp-content\/uploads\/2024\/02\/IMG-20190711-WA0004-497x1024.jpg 497w, https:\/\/milesankara.com.tr\/wp-content\/uploads\/2024\/02\/IMG-20190711-WA0004-146x300.jpg 146w, https:\/\/milesankara.com.tr\/wp-content\/uploads\/2024\/02\/IMG-20190711-WA0004-768x1581.jpg 768w, https:\/\/milesankara.com.tr\/wp-content\/uploads\/2024\/02\/IMG-20190711-WA0004-746x1536.jpg 746w, https:\/\/milesankara.com.tr\/wp-content\/uploads\/2024\/02\/IMG-20190711-WA0004-12x24.jpg 12w, https:\/\/milesankara.com.tr\/wp-content\/uploads\/2024\/02\/IMG-20190711-WA0004-17x36.jpg 17w, https:\/\/milesankara.com.tr\/wp-content\/uploads\/2024\/02\/IMG-20190711-WA0004-23x48.jpg 23w, https:\/\/milesankara.com.tr\/wp-content\/uploads\/2024\/02\/IMG-20190711-WA0004-600x1236.jpg 600w, https:\/\/milesankara.com.tr\/wp-content\/uploads\/2024\/02\/IMG-20190711-WA0004.jpg 777w\" sizes=\"auto, (max-width: 497px) 100vw, 497px\" \/>\t\t\t\t\t\t\t\t\t\t\t\t\t\t\t<\/div>\n\t\t\t\t<\/div>\n\t\t\t\t<div class=\"elementor-element elementor-element-ac2009f elementor-widget elementor-widget-image\" data-id=\"ac2009f\" data-element_type=\"widget\" data-widget_type=\"image.default\">\n\t\t\t\t<div class=\"elementor-widget-container\">\n\t\t\t\t\t\t\t\t\t\t\t\t\t\t\t<img loading=\"lazy\" decoding=\"async\" width=\"1024\" height=\"738\" src=\"https:\/\/milesankara.com.tr\/wp-content\/uploads\/2024\/02\/makasli-platformlar-1-1024x738.jpg\" class=\"attachment-large size-large wp-image-1793\" alt=\"\" srcset=\"https:\/\/milesankara.com.tr\/wp-content\/uploads\/2024\/02\/makasli-platformlar-1-1024x738.jpg 1024w, https:\/\/milesankara.com.tr\/wp-content\/uploads\/2024\/02\/makasli-platformlar-1-300x216.jpg 300w, https:\/\/milesankara.com.tr\/wp-content\/uploads\/2024\/02\/makasli-platformlar-1-768x554.jpg 768w, https:\/\/milesankara.com.tr\/wp-content\/uploads\/2024\/02\/makasli-platformlar-1-24x17.jpg 24w, https:\/\/milesankara.com.tr\/wp-content\/uploads\/2024\/02\/makasli-platformlar-1-36x26.jpg 36w, https:\/\/milesankara.com.tr\/wp-content\/uploads\/2024\/02\/makasli-platformlar-1-48x35.jpg 48w, https:\/\/milesankara.com.tr\/wp-content\/uploads\/2024\/02\/makasli-platformlar-1-600x432.jpg 600w, https:\/\/milesankara.com.tr\/wp-content\/uploads\/2024\/02\/makasli-platformlar-1.jpg 1110w\" sizes=\"auto, (max-width: 1024px) 100vw, 1024px\" \/>\t\t\t\t\t\t\t\t\t\t\t\t\t\t\t<\/div>\n\t\t\t\t<\/div>\n\t\t\t\t\t<\/div>\n\t\t<\/div>\n\t\t\t\t<div class=\"elementor-column elementor-col-33 elementor-top-column elementor-element elementor-element-1091b5d\" data-id=\"1091b5d\" data-element_type=\"column\">\n\t\t\t<div class=\"elementor-widget-wrap elementor-element-populated\">\n\t\t\t\t\t\t\t\t<div class=\"elementor-element elementor-element-619ebc1 elementor-widget elementor-widget-image\" data-id=\"619ebc1\" data-element_type=\"widget\" data-widget_type=\"image.default\">\n\t\t\t\t<div class=\"elementor-widget-container\">\n\t\t\t\t\t\t\t\t\t\t\t\t\t\t\t<img loading=\"lazy\" decoding=\"async\" width=\"497\" height=\"1024\" src=\"https:\/\/milesankara.com.tr\/wp-content\/uploads\/2024\/02\/IMG-20190711-WA0006-497x1024.jpg\" class=\"attachment-large size-large wp-image-1790\" alt=\"\" srcset=\"https:\/\/milesankara.com.tr\/wp-content\/uploads\/2024\/02\/IMG-20190711-WA0006-497x1024.jpg 497w, https:\/\/milesankara.com.tr\/wp-content\/uploads\/2024\/02\/IMG-20190711-WA0006-146x300.jpg 146w, https:\/\/milesankara.com.tr\/wp-content\/uploads\/2024\/02\/IMG-20190711-WA0006-768x1581.jpg 768w, https:\/\/milesankara.com.tr\/wp-content\/uploads\/2024\/02\/IMG-20190711-WA0006-746x1536.jpg 746w, https:\/\/milesankara.com.tr\/wp-content\/uploads\/2024\/02\/IMG-20190711-WA0006-12x24.jpg 12w, https:\/\/milesankara.com.tr\/wp-content\/uploads\/2024\/02\/IMG-20190711-WA0006-17x36.jpg 17w, https:\/\/milesankara.com.tr\/wp-content\/uploads\/2024\/02\/IMG-20190711-WA0006-23x48.jpg 23w, https:\/\/milesankara.com.tr\/wp-content\/uploads\/2024\/02\/IMG-20190711-WA0006-600x1236.jpg 600w, https:\/\/milesankara.com.tr\/wp-content\/uploads\/2024\/02\/IMG-20190711-WA0006.jpg 777w\" sizes=\"auto, (max-width: 497px) 100vw, 497px\" \/>\t\t\t\t\t\t\t\t\t\t\t\t\t\t\t<\/div>\n\t\t\t\t<\/div>\n\t\t\t\t\t<\/div>\n\t\t<\/div>\n\t\t\t\t<div class=\"elementor-column elementor-col-33 elementor-top-column elementor-element elementor-element-8dd71c1\" data-id=\"8dd71c1\" data-element_type=\"column\">\n\t\t\t<div class=\"elementor-widget-wrap elementor-element-populated\">\n\t\t\t\t\t\t\t\t<div class=\"elementor-element elementor-element-e332ca0 elementor-widget elementor-widget-image\" data-id=\"e332ca0\" data-element_type=\"widget\" data-widget_type=\"image.default\">\n\t\t\t\t<div class=\"elementor-widget-container\">\n\t\t\t\t\t\t\t\t\t\t\t\t\t\t\t<img loading=\"lazy\" decoding=\"async\" width=\"497\" height=\"1024\" src=\"https:\/\/milesankara.com.tr\/wp-content\/uploads\/2024\/02\/IMG-20190711-WA0012-1-497x1024.jpg\" class=\"attachment-large size-large wp-image-1792\" alt=\"\" srcset=\"https:\/\/milesankara.com.tr\/wp-content\/uploads\/2024\/02\/IMG-20190711-WA0012-1-497x1024.jpg 497w, https:\/\/milesankara.com.tr\/wp-content\/uploads\/2024\/02\/IMG-20190711-WA0012-1-146x300.jpg 146w, https:\/\/milesankara.com.tr\/wp-content\/uploads\/2024\/02\/IMG-20190711-WA0012-1-768x1581.jpg 768w, https:\/\/milesankara.com.tr\/wp-content\/uploads\/2024\/02\/IMG-20190711-WA0012-1-746x1536.jpg 746w, https:\/\/milesankara.com.tr\/wp-content\/uploads\/2024\/02\/IMG-20190711-WA0012-1-12x24.jpg 12w, https:\/\/milesankara.com.tr\/wp-content\/uploads\/2024\/02\/IMG-20190711-WA0012-1-17x36.jpg 17w, https:\/\/milesankara.com.tr\/wp-content\/uploads\/2024\/02\/IMG-20190711-WA0012-1-23x48.jpg 23w, https:\/\/milesankara.com.tr\/wp-content\/uploads\/2024\/02\/IMG-20190711-WA0012-1-600x1236.jpg 600w, https:\/\/milesankara.com.tr\/wp-content\/uploads\/2024\/02\/IMG-20190711-WA0012-1.jpg 777w\" sizes=\"auto, (max-width: 497px) 100vw, 497px\" \/>\t\t\t\t\t\t\t\t\t\t\t\t\t\t\t<\/div>\n\t\t\t\t<\/div>\n\t\t\t\t\t<\/div>\n\t\t<\/div>\n\t\t\t\t\t\t\t<\/div>\n\t\t<\/section>\n\t\t\t\t\t\t\t<\/div>\n\t\t","protected":false},"excerpt":{"rendered":"<p>Miles Makasl\u0131 Platformlar 500 kg ile 5000 kg aras\u0131ndaki y\u00fcklerin rahat bir \u015fekilde transferini sa\u011flamak i\u00e7in kullan\u0131c\u0131ya kaliteli ve ekonomik bir \u00e7\u00f6z\u00fcm sunar. \u00d6zellikle bina d\u0131\u015f\u0131ndaki etkili \u00e7al\u0131\u015fma \u00f6zelli\u011fi ile mek\u00e2nsal verimlili\u011fe katk\u0131 sa\u011flar. Miles Lift, Makasl\u0131 Platform ile kullan\u0131c\u0131ya uzun \u00f6m\u00fcrl\u00fc ve konforlu \u00fcr\u00fcnler sunmaktad\u0131r. Sorunsuz \u00e7al\u0131\u015fan hidrolik sistemleri ve katlar aras\u0131 kot fark\u0131na &hellip;<\/p>\n<p class=\"read-more\"> <a class=\"\" href=\"https:\/\/milesankara.com.tr\/index.php\/makasli-yuk-liftleri\/\"> <span class=\"screen-reader-text\">Makasl\u0131 y\u00fck liftleri<\/span> Devam\u0131 &raquo;<\/a><\/p>\n","protected":false},"author":2,"featured_media":0,"parent":0,"menu_order":0,"comment_status":"closed","ping_status":"closed","template":"","meta":{"om_disable_all_campaigns":false,"_mi_skip_tracking":false,"site-sidebar-layout":"no-sidebar","site-content-layout":"page-builder","ast-global-header-display":"","ast-main-header-display":"","ast-hfb-above-header-display":"","ast-hfb-below-header-display":"","ast-hfb-mobile-header-display":"","site-post-title":"disabled","ast-breadcrumbs-content":"","ast-featured-img":"disabled","footer-sml-layout":"","theme-transparent-header-meta":"","adv-header-id-meta":"","stick-header-meta":"","header-above-stick-meta":"","header-main-stick-meta":"","header-below-stick-meta":"","_joinchat":[],"footnotes":""},"class_list":["post-1787","page","type-page","status-publish","hentry"],"yoast_head":"<!-- This site is optimized with the Yoast SEO plugin v20.4 - https:\/\/yoast.com\/wordpress\/plugins\/seo\/ -->\n<title>Makasl\u0131 y\u00fck liftleri | Miles Ankara<\/title>\n<meta name=\"robots\" content=\"index, follow, max-snippet:-1, max-image-preview:large, max-video-preview:-1\" \/>\n<link rel=\"canonical\" href=\"https:\/\/milesankara.com.tr\/index.php\/makasli-yuk-liftleri\/\" \/>\n<meta property=\"og:locale\" content=\"tr_TR\" \/>\n<meta property=\"og:type\" content=\"article\" \/>\n<meta property=\"og:title\" content=\"Makasl\u0131 y\u00fck liftleri | Miles Ankara\" \/>\n<meta property=\"og:description\" content=\"Miles Makasl\u0131 Platformlar 500 kg ile 5000 kg aras\u0131ndaki y\u00fcklerin rahat bir \u015fekilde transferini sa\u011flamak i\u00e7in kullan\u0131c\u0131ya kaliteli ve ekonomik bir \u00e7\u00f6z\u00fcm sunar. \u00d6zellikle bina d\u0131\u015f\u0131ndaki etkili \u00e7al\u0131\u015fma \u00f6zelli\u011fi ile mek\u00e2nsal verimlili\u011fe katk\u0131 sa\u011flar. Miles Lift, Makasl\u0131 Platform ile kullan\u0131c\u0131ya uzun \u00f6m\u00fcrl\u00fc ve konforlu \u00fcr\u00fcnler sunmaktad\u0131r. Sorunsuz \u00e7al\u0131\u015fan hidrolik sistemleri ve katlar aras\u0131 kot fark\u0131na &hellip; Makasl\u0131 y\u00fck liftleri Devam\u0131 &raquo;\" \/>\n<meta property=\"og:url\" content=\"https:\/\/milesankara.com.tr\/index.php\/makasli-yuk-liftleri\/\" \/>\n<meta property=\"og:site_name\" content=\"Miles Ankara\" \/>\n<meta property=\"article:publisher\" content=\"https:\/\/www.facebook.com\/milesankara\/\" \/>\n<meta property=\"article:modified_time\" content=\"2024-02-17T09:38:36+00:00\" \/>\n<meta property=\"og:image\" content=\"http:\/\/milesankara.com.tr\/wp-content\/uploads\/2024\/02\/IMG-20190711-WA0004-497x1024.jpg\" \/>\n<meta name=\"twitter:card\" content=\"summary_large_image\" \/>\n<meta name=\"twitter:label1\" content=\"Tahmini okuma s\u00fcresi\" \/>\n\t<meta name=\"twitter:data1\" content=\"2 dakika\" \/>\n<script type=\"application\/ld+json\" class=\"yoast-schema-graph\">{\"@context\":\"https:\/\/schema.org\",\"@graph\":[{\"@type\":\"WebPage\",\"@id\":\"https:\/\/milesankara.com.tr\/index.php\/makasli-yuk-liftleri\/\",\"url\":\"https:\/\/milesankara.com.tr\/index.php\/makasli-yuk-liftleri\/\",\"name\":\"Makasl\u0131 y\u00fck liftleri | Miles Ankara\",\"isPartOf\":{\"@id\":\"https:\/\/milesankara.com.tr\/#website\"},\"datePublished\":\"2024-02-17T09:28:56+00:00\",\"dateModified\":\"2024-02-17T09:38:36+00:00\",\"breadcrumb\":{\"@id\":\"https:\/\/milesankara.com.tr\/index.php\/makasli-yuk-liftleri\/#breadcrumb\"},\"inLanguage\":\"tr\",\"potentialAction\":[{\"@type\":\"ReadAction\",\"target\":[\"https:\/\/milesankara.com.tr\/index.php\/makasli-yuk-liftleri\/\"]}]},{\"@type\":\"BreadcrumbList\",\"@id\":\"https:\/\/milesankara.com.tr\/index.php\/makasli-yuk-liftleri\/#breadcrumb\",\"itemListElement\":[{\"@type\":\"ListItem\",\"position\":1,\"name\":\"Anasayfa\",\"item\":\"https:\/\/milesankara.com.tr\/\"},{\"@type\":\"ListItem\",\"position\":2,\"name\":\"Makasl\u0131 y\u00fck liftleri\"}]},{\"@type\":\"WebSite\",\"@id\":\"https:\/\/milesankara.com.tr\/#website\",\"url\":\"https:\/\/milesankara.com.tr\/\",\"name\":\"Miles Ankara\",\"description\":\"\",\"publisher\":{\"@id\":\"https:\/\/milesankara.com.tr\/#organization\"},\"alternateName\":\"Miles Ankara\",\"potentialAction\":[{\"@type\":\"SearchAction\",\"target\":{\"@type\":\"EntryPoint\",\"urlTemplate\":\"https:\/\/milesankara.com.tr\/?s={search_term_string}\"},\"query-input\":\"required name=search_term_string\"}],\"inLanguage\":\"tr\"},{\"@type\":\"Organization\",\"@id\":\"https:\/\/milesankara.com.tr\/#organization\",\"name\":\"Miles Ankara\",\"alternateName\":\"Miles Ankara\",\"url\":\"https:\/\/milesankara.com.tr\/\",\"logo\":{\"@type\":\"ImageObject\",\"inLanguage\":\"tr\",\"@id\":\"https:\/\/milesankara.com.tr\/#\/schema\/logo\/image\/\",\"url\":\"https:\/\/milesankara.com.tr\/wp-content\/uploads\/2023\/04\/Logo3.bmp\",\"contentUrl\":\"https:\/\/milesankara.com.tr\/wp-content\/uploads\/2023\/04\/Logo3.bmp\",\"width\":145,\"height\":103,\"caption\":\"Miles Ankara\"},\"image\":{\"@id\":\"https:\/\/milesankara.com.tr\/#\/schema\/logo\/image\/\"},\"sameAs\":[\"https:\/\/www.facebook.com\/milesankara\/\",\"https:\/\/www.instagram.com\/milesankara\/\",\"https:\/\/www.youtube.com\/@milesankara2500\"]}]}<\/script>\n<!-- \/ Yoast SEO plugin. -->","yoast_head_json":{"title":"Makasl\u0131 y\u00fck liftleri | Miles Ankara","robots":{"index":"index","follow":"follow","max-snippet":"max-snippet:-1","max-image-preview":"max-image-preview:large","max-video-preview":"max-video-preview:-1"},"canonical":"https:\/\/milesankara.com.tr\/index.php\/makasli-yuk-liftleri\/","og_locale":"tr_TR","og_type":"article","og_title":"Makasl\u0131 y\u00fck liftleri | Miles Ankara","og_description":"Miles Makasl\u0131 Platformlar 500 kg ile 5000 kg aras\u0131ndaki y\u00fcklerin rahat bir \u015fekilde transferini sa\u011flamak i\u00e7in kullan\u0131c\u0131ya kaliteli ve ekonomik bir \u00e7\u00f6z\u00fcm sunar. \u00d6zellikle bina d\u0131\u015f\u0131ndaki etkili \u00e7al\u0131\u015fma \u00f6zelli\u011fi ile mek\u00e2nsal verimlili\u011fe katk\u0131 sa\u011flar. Miles Lift, Makasl\u0131 Platform ile kullan\u0131c\u0131ya uzun \u00f6m\u00fcrl\u00fc ve konforlu \u00fcr\u00fcnler sunmaktad\u0131r. Sorunsuz \u00e7al\u0131\u015fan hidrolik sistemleri ve katlar aras\u0131 kot fark\u0131na &hellip; Makasl\u0131 y\u00fck liftleri Devam\u0131 &raquo;","og_url":"https:\/\/milesankara.com.tr\/index.php\/makasli-yuk-liftleri\/","og_site_name":"Miles Ankara","article_publisher":"https:\/\/www.facebook.com\/milesankara\/","article_modified_time":"2024-02-17T09:38:36+00:00","og_image":[{"url":"http:\/\/milesankara.com.tr\/wp-content\/uploads\/2024\/02\/IMG-20190711-WA0004-497x1024.jpg"}],"twitter_card":"summary_large_image","twitter_misc":{"Tahmini okuma s\u00fcresi":"2 dakika"},"schema":{"@context":"https:\/\/schema.org","@graph":[{"@type":"WebPage","@id":"https:\/\/milesankara.com.tr\/index.php\/makasli-yuk-liftleri\/","url":"https:\/\/milesankara.com.tr\/index.php\/makasli-yuk-liftleri\/","name":"Makasl\u0131 y\u00fck liftleri | Miles Ankara","isPartOf":{"@id":"https:\/\/milesankara.com.tr\/#website"},"datePublished":"2024-02-17T09:28:56+00:00","dateModified":"2024-02-17T09:38:36+00:00","breadcrumb":{"@id":"https:\/\/milesankara.com.tr\/index.php\/makasli-yuk-liftleri\/#breadcrumb"},"inLanguage":"tr","potentialAction":[{"@type":"ReadAction","target":["https:\/\/milesankara.com.tr\/index.php\/makasli-yuk-liftleri\/"]}]},{"@type":"BreadcrumbList","@id":"https:\/\/milesankara.com.tr\/index.php\/makasli-yuk-liftleri\/#breadcrumb","itemListElement":[{"@type":"ListItem","position":1,"name":"Anasayfa","item":"https:\/\/milesankara.com.tr\/"},{"@type":"ListItem","position":2,"name":"Makasl\u0131 y\u00fck liftleri"}]},{"@type":"WebSite","@id":"https:\/\/milesankara.com.tr\/#website","url":"https:\/\/milesankara.com.tr\/","name":"Miles Ankara","description":"","publisher":{"@id":"https:\/\/milesankara.com.tr\/#organization"},"alternateName":"Miles Ankara","potentialAction":[{"@type":"SearchAction","target":{"@type":"EntryPoint","urlTemplate":"https:\/\/milesankara.com.tr\/?s={search_term_string}"},"query-input":"required name=search_term_string"}],"inLanguage":"tr"},{"@type":"Organization","@id":"https:\/\/milesankara.com.tr\/#organization","name":"Miles Ankara","alternateName":"Miles Ankara","url":"https:\/\/milesankara.com.tr\/","logo":{"@type":"ImageObject","inLanguage":"tr","@id":"https:\/\/milesankara.com.tr\/#\/schema\/logo\/image\/","url":"https:\/\/milesankara.com.tr\/wp-content\/uploads\/2023\/04\/Logo3.bmp","contentUrl":"https:\/\/milesankara.com.tr\/wp-content\/uploads\/2023\/04\/Logo3.bmp","width":145,"height":103,"caption":"Miles Ankara"},"image":{"@id":"https:\/\/milesankara.com.tr\/#\/schema\/logo\/image\/"},"sameAs":["https:\/\/www.facebook.com\/milesankara\/","https:\/\/www.instagram.com\/milesankara\/","https:\/\/www.youtube.com\/@milesankara2500"]}]}},"_links":{"self":[{"href":"https:\/\/milesankara.com.tr\/index.php\/wp-json\/wp\/v2\/pages\/1787","targetHints":{"allow":["GET"]}}],"collection":[{"href":"https:\/\/milesankara.com.tr\/index.php\/wp-json\/wp\/v2\/pages"}],"about":[{"href":"https:\/\/milesankara.com.tr\/index.php\/wp-json\/wp\/v2\/types\/page"}],"author":[{"embeddable":true,"href":"https:\/\/milesankara.com.tr\/index.php\/wp-json\/wp\/v2\/users\/2"}],"replies":[{"embeddable":true,"href":"https:\/\/milesankara.com.tr\/index.php\/wp-json\/wp\/v2\/comments?post=1787"}],"version-history":[{"count":4,"href":"https:\/\/milesankara.com.tr\/index.php\/wp-json\/wp\/v2\/pages\/1787\/revisions"}],"predecessor-version":[{"id":1796,"href":"https:\/\/milesankara.com.tr\/index.php\/wp-json\/wp\/v2\/pages\/1787\/revisions\/1796"}],"wp:attachment":[{"href":"https:\/\/milesankara.com.tr\/index.php\/wp-json\/wp\/v2\/media?parent=1787"}],"curies":[{"name":"wp","href":"https:\/\/api.w.org\/{rel}","templated":true}]}}